- -5?
2
Calculate (-14 - (3 + -10)) + 1 + 2.
-4
Evaluate 5 + -7 + 3 + -3.
-2
Evaluate 8 + (-2 - 8) + -1.
-3
What is 4 - (2 - -2 - -3)?
-3
-7 + 9 + (4 - 3)
3
Evaluate -1 + (-3 - (2 - 5)).
-1
What is the value of (-7 - (4 + -8)) + -2 + 5?
0
What is 3 - (4 + (3 - 2) - 7)?
5
Calculate 8 + (3 - (5 + 3)).
3
What is 2 + -7 - -9 - 10?
-6
(4 - 11) + 4 + 5 + -3
-1
Evaluate 16 - (-5 + 0 + 14).
7
-3 + 0 + 0 + 4 + -3
-2
Calculate (-4 + 4 - 1) + 1.
0
Calculate 56 + -62 + (13 - (-3 - -1)).
9
What is the value of 8 - (2 + -4 - (-4 + -2))?
4
What is the value of 4 + 2 + (10 - 22 - -15)?
9
Evaluate (-5 + 2 - -11) + -4 - 6.
-2
What is 4 + 6 + -15 + 2 + 1?
-2
What is 0 - (-4 - (-6 - -4))?
2
(-7 + 0 + 2 - -4) + -1
-2
What is the value of 1 + (0 - (-2 + -1))?
4
5 - (1 + (-3 - -2))
5
What is (-3 + 3 - -3) + 2 + -1?
4
Calculate 2 - -3 - (-7 - -10 - 0).
2
Evaluate (6 - 7) + (4 - 10).
-7
What is the value of -4 - ((-12 - -6) + -1 - -1)?
2
-1 + -6 + 6 - (0 + -3)
2
Calculate -1 + 0 + (4 - -4) + -2.
5
What is the value of 8 + -1 + (29 - 13) + -33?
-10
What is the value of -27 + 23 - (7 - 2) - -5?
-4
What is 0 - (-2 + -1 + 4 + 4)?
-5
(5 + -3 - 0) + 3
5
Calculate 1 - (-1 + (2 - 3)) - 0.
3
Evaluate 2 - (-7 - (-2 + -14)).
-7
What is 3 + (2 - 6) - 1?
-2
What is the value of -27 + 27 + (0 - -5)?
5
What is the value of 2 + -4 + 3 - 2?
-1
Calculate 0 + 0 + 0 + -1 - -1.
0
What is -7 + 8 + (4 + -12 - -5)?
-2
What is 3 - (3 - (-1 - (0 - 3)))?
2
What is 8 - (1 + -2 + 4)?
5
Calculate 10 - (11 - 5) - (-2 - 0).
6
What is the value of -7 + (-4 + 1 - (-6 + 2))?
-6
Calculate -2 + 11 + 3 + -7.
5
What is the value of 7 - 3 - (0 + 2 + -3)?
5
Calculate -6 - (10 - (-6 + 24)).
2
Evaluate (-12 - -7) + -12 + (6 - -1).
-10
4 + (6 - (11 + 2))
-3
Evaluate (-10 - -5) + 11 - 7.
-1
-1 + (-1 + -2 - (-10 - -8))
-2
-5 + 0 + 2 + 12 + -3
6
What is -1 - ((7 - 8) + (2 - -2))?
-4
What is -1 + 2 - (-2 - (-6 - -5))?
2
Calculate 7 + (-4 - (5 - 5)) + -2.
1
What is -6 + 1 - (209 - 220)?
6
What is the value of 4 - (-5 + 7 + -3)?
5
-2 - 0 - (-6 - (6 - 11))
-1
0 - (-1 - 2 - -3)
0
Calculate (8 - 15) + 2 + 11.
6
What is 7 + (-4 - (8 - 1))?
-4
(19 + -10 - 9) + (1 - 4)
-3
What is the value of (-1 - -4 - -6) + -6?
3
Evaluate -10 - (0 + 10 + -22).
2
Evaluate (-3 - (1 + -3)) + -1 + 3.
1
Evaluate -7 - -10 - (3 - 6).
6
What is 31 - 34 - (1 - (0 + -1))?
-5
-4 + (10 - 8 - 1)
-3
What is 0 + (2 - (4 + 0))?
-2
Evaluate 17 - (21 - 13) - 16.
-7
What is the value of 3 - (-4 + 1 - (-2 + -1))?
3
(24 - 20) + 1 + -3
2
Calculate 4 - (-2 + (1 - -1)).
4
What is 1 + (-2 - -2) - 4?
-3
What is 0 + -1 - -3 - -7?
9
-1 + 2 - 8 - (51 - 55)
-3
Evaluate 5 + (-2 - (-2 + 1)) + -3.
1
Calculate 0 + -4 + 14 + -15.
-5
What is the value of 5 - (5 + 3 + 0)?
-3
3 + -1 + -9 + 7
0
Evaluate -2 - -2 - (6 - (4 - 2)).
-4
Evaluate (1 - 7 - -3) + (9 - 4).
2
-6 + -1 + -12 + 11
-8
Calculate 9 + -12 - (-4 + 0).
1
(0 - (-2 + 7)) + -2 + 1
-6
Calculate 2 + (0 - (4 + 3) - 0).
-5
What is (-4 - (3 - 3)) + 3 - -7?
6
Evaluate -4 + 6 - 7 - (2 + -4).
-3
-2 - (7 - (4 - -1) - -2)
-6
Calculate (-7 - (6 + -15)) + -2.
0
Evaluate 1 + (3 - -2) + -12 + 9.
3
Evaluate -2 + 1 + (1 + 0 - -3).
3
4 + (-1 - (2 - (0 + -3)))
-2
-6 + (-1 - (-5 + 2))
-4
Calculate 4 + -2 + -1 - 1.
0
What is the value of -15 + 17 + 2 + 2?
6
Evaluate 8 - (-4 - -1 - (-5 - -1)).
7
Calculate 5 - (2 + 0) - (3 + 3).
-3
(13 + -12 - 11) + 12
2
Evaluate -1 + 0 - (1 - 3).
1
What is the value of -5 + (-5 - -5 - -8)?
3
What is (0 + 3 - (4 + -1)) + -1?
-1
Calculate 8 + (5 + 2 - 16).
-1
What is 1 + (2 - 0 - 3) - -4?
4
What is 10 + (-11 - -3 - 1)?
1
What is the value of 0 + (4 + -2 - 7)?
-5
What is the value of -2 + (-3 - -1) - (-14 + 10)?
0
What is the value of 0 + -3 - (-10 + (1 - -1))?
5
Calculate 3 + 1 + -2 + 1 + -1.
2
Evaluate 14 + (-23 - (15 + -26)).
2
Calculate -3 + 7 - 1 - (1 - 3).
5
What is the value of 27 + -24 + (1 - -2)?
6
(-19 - -12) + (4 - 3)
-6
What is the value of -1 - (9 - -1 - 4)?
-7
(-3 - (-7 + 14 + -12)) + 0
2
What is the value of -36 + 36 + (-1 - (0 + 1))?
-2
Calculate -8 + (0 - -2) + (4 - 1).
-3
What is -9 + 5 + 3 + (1 - 0)?
0
Evaluate 0 + (7 - (10 - 5)).
2
(0 - ((1 - 0) + -3)) + 1
3
Evaluate 8 - 3 - (1 - (7 - 5)).
6
(-30 - -36) + -9 + 1
-2
What is 1 + (3 - (-1 - -1)) - 3?
1
-5 + 1 - (17 - 20 - -5)
-6
What is -2 + 0 - -1 - (-8 - -8)?
-1
What is 6 - (-2 - 3 - -7 - 1)?
5
What is -3 - (-1 - 8 - -12)?
-6
-6 + 4 + (2 - 3 - -3)
0
3 - (11 - -1) - -6
-3
What is the value of 3 - 4 - -3 - 0?
2
What is -3 + 7 + (4 - 7)?
1
Calculate 4 + 0 - (3 - 0).
1
What is the value of 2 + -1 - ((-1 - -1) + 4)?
-3
Evaluate -10 - (2 - (9 + 2)).
-1
What is 3 + (-9 - (1 + 0)) + 3?
-4
Calculate (-4 - 0) + 5 - 3.
-2
Calculate 0 - -11 - (32 - 22).
1
Evaluate -3 + -2 + (-1 - 3 - -6).
-3
-4 + 7 + (-10 - -3)
-4
What is -3 + (5 + -8 - -5)?
-1
8 + (-2 - (-5 - -4) - 2)
5
Calculate -8 + 0 + 5 + -4 - -5.
-2
-19 + 22 - (1 + 0 - -1)
1
Evaluate -5 + (4 - -1 - 5) - 1.
-6
What is -6 - (5 + -1 - (28 + -18))?
0
5 + -3 - -5 - (-1 + 4)
4
What is the value of (-9 - -3) + 8 + -2?
0
What is 8 - (1 + 2 + 3)?
2
What is the value of 0 + 3 + 0 + -4?
-1
(-1 - -1) + 1 + -1 + 2
2
Evaluate (-1 - 3 - -4) + (-6 - -3).
-3
What is 0 - ((-1 - (0 + -6)) + -4)?
-1
What is 26 + (-23 - -2) - (13 - -1)?
-9
(0 - (-8 + 19)) + 3 + 2
-6
Evaluate (-3 + (4 - 2) - 7) + 3.
-5
Calculate (-2 + -2 - -3) + (17 - 16).
0
(-1 - 2 - -3) + 5
5
3 + (14 - (19 + -10))
8
1 + (0 - (7 + -4) - -1)
-1
Calculate (-2 - 7 - -13) + (0 - -1).
5
Evaluate (0 - (20 - 11)) + 5.
-4
Evaluate -1 + 3 + -1 + (-10 - -11).
2
1 + (0 - 4) + 5
2
What is the value of (5 - 9) + -10 + 8?
-6
What is the value of 10 - (-3 - (-4 + 0 + -4))?
5
What is (-10 - -11) + 0 + -3 + 3?
1
What is the value of (-12 + 3 - -3) + 8?
2
-22 + 27 + (0 + -2 - -1)
4
Calculate -3 + (5 - 8) + 3.
-3
What is 1 + (-5 + 6 - 8)?
-6
Evaluate 6 - (-1 + -3 + (-16 - -22)).
4
Evaluate -1 - -1 - (-42 - -48).
-6
Calculate (5 - 0) + -3 - -2.
4
What is the value of 5 - (-3 - 0 - -9)?
-1
Calculate 7 + -5 - -1 - (0 - -7).
-4
What is the value of -4 - 1 - (4 + -6)?
-3
-6 + (1 - (0 - 10))
5
What is the value of 9 + -2 + (-15 - -4)?
-4
What is 0 + (3 - 1) + -5 + 0?
-3
Calculate -7 + 5 - 2 - (-7 - 2).
5
-3 - (-4 + 0 + 1) - 5
-5
Evaluate 13 + (4 - 8) + 5 - 7.
7
What is 0 + 14 + -3 - 7?
4
Calculate 1 - (0 + -1) - (-2 - -11).
-7
Calculate -6 + 6 + -7 - -5.
-2
0 - (-1 + 7 + -5 + 3)
-4
Calculate -8 + -7 + 20 + -9.
-4
What is 21 - (-10 + 17) - 10?
4
What is -3 + 7 + 3 + -3?
4
What is -2 + 2 - (9 + -4)?
-5
Calculate -7 + 10 + -1 - (-3 + 0).
5
Evaluate 13 + (-7 + -6 - -5).
5
What is (-30 - -8 - -12) + 2 + 1?
-7
Calculate 12 - (5 + (1 - (-3 - -3))).
6
Evaluate -9 - (-6 + 5 + -5).
-3
Evaluate -4 + (-4 - (-7 - -1)).
-2
Calculate -4 - (-2 + -1 - (-15 - -15)).
-1
What is the value of (-1 - 1) + (6 - (5 + 0))?
-1
Evaluate -2 - (0 - 7) - (-1 + 2).
4
What is the value of 5 + (-2 - 4) + 1?
0
Evaluate -64 + 57 + 1 + 6.
0
What is -3 + 3 + (-9 - -7 - 4)?
-6
What is the value of -30 - -29 - (9 + (-6 - -3))?
-7
-6 + 2 + (1 - (2 + -11))
6
-7 - (-8 + -11 + 5)
7
Calculate -3 + 4 + -3 - -7 - 2.
3
What is 12 + -9 - -1 - (1 + 9)?
-6
1 + 2 - (-3 - -2)
4
What is -2 + -1 + (-4 - -3 - -3)?
-1
Evaluate 7 - 3 - 11 - 2.
-9
Evaluate -1 - (2 - -5) - (-2 - 0).
-6
(5 - 1) + -1 + 2
5
Evaluate -13 + (-1 - (-16 + 7)).
-5
What is 3 - (0 + 4 - (-8 + 5))?
-4
Evaluate (-15 - -17 - 2) + (0 - 8).
-8
-2 + 3 + (-5 - -1 - 0)
-3
What is -3 + -2 - -5 - (-2 - -1)?
1
Evaluate 0 - (-8 + 5 + 1 - -1).
1
What is -3 - (-4 + (6 - 1) + -5)?
1
Evaluate 8 + (5 + -9 - 3 - -4).
5
Calculate -2 + (-6 - -3 - 0) + 6.
1
What is -8 + (6 + 0 - 3) + 2?
-3
What is -14 + 18 - ((2 - -2) + -1)?
1
What is -4 - (-5 + 13 + -10)?
-2
Calculate 4 + (-8 - -5) + 3 + -1.
3
What is 10 + -3 + -12 + 11?
6
Calculate -1 + (14 - (-14 + 30)).
-3
What is -18 + 4 + 6 + 5?
-3
Evaluate -4 + (3 - (12 + -5)).
-8
Calculate (-14 - -6) + 5 + 5.
2
-1 - 5 - -9 - (-2 - -7)
-2
Calculate (4 - 0) + -3 + -2 - -2.
1
Calculate -15 + 15 + (-2 - -4) + -6.
-4
Evaluate 33 + -21 - (-2 - -6) - 4.
4
6 + -4 + -8 - -5
-1
-1 + -5 + -48 + 49 - -6
1
What is the value of -7 - (6 + -2 + 15 + -31)?
5
Calculate (-8 - (1 - 2)) + 6 - 5.
-6
Evaluate -5 + 6 + 5 + 0.
6
0 - (0 - (-2 + (-5 - -5)))
-2
Calculate -11 + -3 + 6 - (13 - 16).
-5
17 + -14 + 9 - 9
3
0 - (-1 + 4) - -2
-1
What is the value o